{"id":1042,"date":"2019-09-13T12:32:00","date_gmt":"2019-09-13T11:32:00","guid":{"rendered":"http:\/\/drlynchballyvourney.ie\/wordpress\/?page_id=1042"},"modified":"2019-09-13T12:32:00","modified_gmt":"2019-09-13T11:32:00","slug":"new-2019-media-links","status":"publish","type":"page","link":"http:\/\/drlynchballyvourney.ie\/wordpress\/new-2019-media-links\/","title":{"rendered":"**NEW** 2019 Media Links"},"content":{"rendered":"\n<h2 style=\"text-align:center\"><strong>Ceili\u00faradh an Docht\u00fara U\u00ed Loingsigh &#8211; 2019 Media Articles<\/strong><\/h2>\n\n\n\n<h2><\/h2>\n\n\n\n<p><a href=\"http:\/\/www.macroom.ie\/lee-valley-outlook-current-edition\/367-lee-valley-outlook-v16e18-september-5-2019\">http:\/\/www.macroom.ie\/lee-valley-outlook-current-edition\/367-lee-valley-outlook-v16e18-september-5-2019<\/a><\/p>\n\n\n\n<h2><\/h2>\n\n\n\n<div class=\"wp-block-file\"><a href=\"http:\/\/drlynchballyvourney.ie\/wordpress\/wp-content\/uploads\/2019\/09\/Irish-Examiner-County-Supplement-Tuesday-September-10th-2019.pdf\">Irish Examiner County Supplement Tuesday September 10th 2019<\/a><a href=\"http:\/\/drlynchballyvourney.ie\/wordpress\/wp-content\/uploads\/2019\/09\/Irish-Examiner-County-Supplement-Tuesday-September-10th-2019.pdf\" class=\"wp-block-file__button\" download>Download<\/a><\/div>\n\n\n\n<h2><\/h2>\n\n\n\n<div class=\"wp-block-file\"><a href=\"http:\/\/drlynchballyvourney.ie\/wordpress\/wp-content\/uploads\/2019\/09\/Evening-Echo-Scealta-O-Mhuscrai-Tuesday-September-10th-2019.pdf\">Evening Echo Scealta O Mhuscrai Tuesday September 10th 2019<\/a><a href=\"http:\/\/drlynchballyvourney.ie\/wordpress\/wp-content\/uploads\/2019\/09\/Evening-Echo-Scealta-O-Mhuscrai-Tuesday-September-10th-2019.pdf\" class=\"wp-block-file__button\" download>Download<\/a><\/div>\n","protected":false},"excerpt":{"rendered":"<p>Ceili\u00faradh an Docht\u00fara U\u00ed Loingsigh &#8211; 2019 Media Articles http:\/\/www.macroom.ie\/lee-valley-outlook-current-edition\/367-lee-valley-outlook-v16e18-september-5-2019<\/p>\n","protected":false},"author":1,"featured_media":0,"parent":0,"menu_order":0,"comment_status":"closed","ping_status":"closed","template":"","meta":{"ngg_post_thumbnail":0},"_links":{"self":[{"href":"http:\/\/drlynchballyvourney.ie\/wordpress\/wp-json\/wp\/v2\/pages\/1042"}],"collection":[{"href":"http:\/\/drlynchballyvourney.ie\/wordpress\/wp-json\/wp\/v2\/pages"}],"about":[{"href":"http:\/\/drlynchballyvourney.ie\/wordpress\/wp-json\/wp\/v2\/types\/page"}],"author":[{"embeddable":true,"href":"http:\/\/drlynchballyvourney.ie\/wordpress\/wp-json\/wp\/v2\/users\/1"}],"replies":[{"embeddable":true,"href":"http:\/\/drlynchballyvourney.ie\/wordpress\/wp-json\/wp\/v2\/comments?post=1042"}],"version-history":[{"count":2,"href":"http:\/\/drlynchballyvourney.ie\/wordpress\/wp-json\/wp\/v2\/pages\/1042\/revisions"}],"predecessor-version":[{"id":1046,"href":"http:\/\/drlynchballyvourney.ie\/wordpress\/wp-json\/wp\/v2\/pages\/1042\/revisions\/1046"}],"wp:attachment":[{"href":"http:\/\/drlynchballyvourney.ie\/wordpress\/wp-json\/wp\/v2\/media?parent=1042"}],"curies":[{"name":"wp","href":"https:\/\/api.w.org\/{rel}","templated":true}]}}