{"id":672,"date":"2017-09-05T23:48:17","date_gmt":"2017-09-05T22:48:17","guid":{"rendered":"http:\/\/drlynchballyvourney.ie\/wordpress\/?page_id=672"},"modified":"2017-10-02T12:02:22","modified_gmt":"2017-10-02T11:02:22","slug":"new-2016-media-links","status":"publish","type":"page","link":"http:\/\/drlynchballyvourney.ie\/wordpress\/new-2016-media-links\/","title":{"rendered":"2016 Media Links"},"content":{"rendered":"<h1>Irish Examiner &#8211; Monday 29th August 2016<\/h1>\n<h2><span style=\"color: #008000;\">Eamon \u00d3 Cu\u00edv to speak in honour of Baile Mh\u00fairne doctor<\/span><\/h2>\n<p><a href=\"http:\/\/www.irishexaminer.com\/ireland\/eamon-o-cuiv-to-speak-in-honour-of-baile-mhuirne-doctor-418206.html\">http:\/\/www.irishexaminer.com\/ireland\/eamon-o-cuiv-to-speak-in-honour-of-baile-mhuirne-doctor-418206.html<\/a><\/p>\n<p>&nbsp;<\/p>\n<h1><strong>Evening Echo &#8211; Tuesday August 30<sup>th<\/sup> 2016<\/strong><\/h1>\n<h2><span style=\"color: #008000;\"><strong>Sc\u00e9alta \u00d3 Mh\u00fascra\u00ed le Pet U\u00ed Chonaill<\/strong><\/span><\/h2>\n<p><a href=\"http:\/\/drlynchballyvourney.ie\/wordpress\/wp-content\/uploads\/2017\/09\/Scealta-O-Mhuscrai-le-Pet-Ui-Chonaill-Evening-Echo-Tuesday-August-30th-2016.pdf\">Scealta O Mhuscrai le Pet Ui Chonaill Evening Echo Tuesday August 30th 2016<\/a><\/p>\n<p>&nbsp;<\/p>\n<h1>TG4 &#8211; Friday 9th September 2016<\/h1>\n<h2><span style=\"color: #008000;\">Com\u00f3radh an Docht\u00fair D\u00f3mhnall \u00d3 Loingsigh<\/span><\/h2>\n<p><a href=\"http:\/\/www.tg4.ie\/ga\/player\/baile\/?pid=5118699663001\">http:\/\/www.tg4.ie\/ga\/player\/baile\/?pid=5118699663001<\/a><\/p>\n<h1><\/h1>\n<p>&nbsp;<\/p>\n<h1>Evening Echo &#8211; Tuesday September 13th 2016<\/h1>\n<h2><span style=\"color: #008000;\"><strong>Sc\u00e9alta \u00d3 Mh\u00fascra\u00ed le Pet U\u00ed Chonaill<\/strong><\/span><\/h2>\n<p><a href=\"http:\/\/drlynchballyvourney.ie\/wordpress\/wp-content\/uploads\/2017\/09\/Evening-Echo-Scealta-O-Mhuscrai-13-Sept-2016.pdf\">Scealta O Mhuscrai le Pet Ui Chonaill Evening Echo Tuesday September 13th 2016<\/a><\/p>\n<p>&nbsp;<\/p>\n<h1><strong>Evening Echo <\/strong>&#8211; Tuesday September 20th 2016<\/h1>\n<h2><span style=\"color: #008000;\"><strong>Sc\u00e9alta \u00d3 Mh\u00fascra\u00ed le Pet U\u00ed Chonaill <\/strong><\/span><\/h2>\n<p><a href=\"http:\/\/drlynchballyvourney.ie\/wordpress\/wp-content\/uploads\/2017\/09\/Scealta-O-Mhuscrai-le-Pet-Ui-Chonaill-Evening-Echo-Tuesday-September-20th-2016.pdf\">Scealta O Mhuscrai le Pet Ui Chonaill Evening Echo Tuesday September 20th 2016<\/a><\/p>\n","protected":false},"excerpt":{"rendered":"<p>Irish Examiner &#8211; Monday 29th August 2016 Eamon \u00d3 Cu\u00edv to speak in honour of Baile Mh\u00fairne doctor http:\/\/www.irishexaminer.com\/ireland\/eamon-o-cuiv-to-speak-in-honour-of-baile-mhuirne-doctor-418206.html &nbsp; Evening Echo &#8211; Tuesday August 30th 2016 Sc\u00e9alta \u00d3 Mh\u00fascra\u00ed le Pet U\u00ed Chonaill Scealta O Mhuscrai le Pet Ui Chonaill Evening Echo Tuesday August 30th 2016 &nbsp; TG4 &#8211; Friday 9th September 2016 Com\u00f3radh [&hellip;]<\/p>\n","protected":false},"author":1,"featured_media":0,"parent":0,"menu_order":0,"comment_status":"closed","ping_status":"closed","template":"","meta":{"ngg_post_thumbnail":0},"_links":{"self":[{"href":"http:\/\/drlynchballyvourney.ie\/wordpress\/wp-json\/wp\/v2\/pages\/672"}],"collection":[{"href":"http:\/\/drlynchballyvourney.ie\/wordpress\/wp-json\/wp\/v2\/pages"}],"about":[{"href":"http:\/\/drlynchballyvourney.ie\/wordpress\/wp-json\/wp\/v2\/types\/page"}],"author":[{"embeddable":true,"href":"http:\/\/drlynchballyvourney.ie\/wordpress\/wp-json\/wp\/v2\/users\/1"}],"replies":[{"embeddable":true,"href":"http:\/\/drlynchballyvourney.ie\/wordpress\/wp-json\/wp\/v2\/comments?post=672"}],"version-history":[{"count":4,"href":"http:\/\/drlynchballyvourney.ie\/wordpress\/wp-json\/wp\/v2\/pages\/672\/revisions"}],"predecessor-version":[{"id":690,"href":"http:\/\/drlynchballyvourney.ie\/wordpress\/wp-json\/wp\/v2\/pages\/672\/revisions\/690"}],"wp:attachment":[{"href":"http:\/\/drlynchballyvourney.ie\/wordpress\/wp-json\/wp\/v2\/media?parent=672"}],"curies":[{"name":"wp","href":"https:\/\/api.w.org\/{rel}","templated":true}]}}